12, what is -13 - 1262984?
-1262997
In base 5, what is 322 - 2102044?
-2101222
In base 3, what is -11000222010 + 12121?
-11000202112
In base 4, what is -331 + -323132211022?
-323132212013
In base 16, what is -21572b0 + 2?
-21572ae
In base 6, what is 1135305 + 230521?
1410230
In base 11, what is 59018 - -376?
59393
In base 10, what is -18776523 + -7?
-18776530
In base 11, what is 3614a - -2518?
38667
In base 15, what is -13175e23 + 5?
-13175e1d
In base 15, what is -e7 + -12776?
-1286d
In base 12, what is -1a + -4169444?
-4169462
In base 11, what is -21aa3a6 - -8?
-21aa399
In base 12, what is 73891 + -5777?
6a116
In base 2, what is -100 - -110111100101101110111100?
110111100101101110111000
In base 2, what is 10001111111011001001011010101 - -1?
10001111111011001001011010110
In base 9, what is -2 - 2522517?
-2522520
In base 9, what is -1567 + 501133?
488455
In base 14, what is 170dcc2d - 2?
170dcc2b
In base 7, what is 11436134442 - 2?
11436134440
In base 9, what is 111213127 + 14?
111213142
In base 12, what is 27004 + 2162?
29166
In base 3, what is -110222 - -11220002?
11102010
In base 5, what is -24042023314 - 4?
-24042023323
In base 4, what is 311301 - 1133201?
-221300
In base 7, what is 100 - 2166024?
-2165624
In base 15, what is 0 + d802ae?
d802ae
In base 15, what is 17c99cc + 0?
17c99cc
In base 3, what is 212021122 - -1211111?
221010010
In base 14, what is 95c965 - -a?
95c971
In base 13, what is -6 - -81ac741?
81ac738
In base 2, what is 110001011011011110110001 - 1101?
110001011011011110100100
In base 5, what is 121 + -311341233?
-311341112
In base 10, what is -609061 - 16?
-609077
In base 8, what is -3425616 - -337?
-3425257
In base 7, what is -31 + 56423400?
56423336
In base 11, what is -382aa8228 - 1?
-382aa8229
In base 6, what is -3510 - -1140202?
1132252
In base 3, what is -1 - 121020011220220?
-121020011220221
In base 8, what is 1504 - 324622?
-323116
In base 10, what is 3 + 124875650?
124875653
In base 8, what is 746 + -32350?
-31402
In base 7, what is 412534 - 2002?
410532
In base 6, what is -141232 + 3320?
-133512
In base 6, what is 53530 + -34150?
15340
In base 7, what is -5601 + 465102?
456201
In base 12, what is 2423398 + a2?
242347a
In base 12, what is 3 - -40a049?
40a050
In base 3, what is 1 - -120202220010?
120202220011
In base 4, what is -132333130110 - -3?
-132333130101
In base 3, what is -112100102220002 - 2?
-112100102220011
In base 9, what is 212432 - -480?
213022
In base 8, what is 321 - 137176?
-136655
In base 13, what is 61a + -1325c?
-12942
In base 5, what is -10 - -10432020200?
10432020140
In base 9, what is 0 + 272647?
272647
In base 5, what is -3 - -43123013?
43123010
In base 2, what is -111110110110010001111 - 1011?
-111110110110010011010
In base 11, what is -9a3 + 4257?
3364
In base 16, what is 6 + 75076?
7507c
In base 15, what is d90d83 + 0?
d90d83
In base 15, what is -533 - -3d3a?
3807
In base 4, what is 20002102333 + 313?
20002103312
In base 8, what is 232433 + 153?
232606
In base 5, what is -213 - 11030130?
-11030343
In base 11, what is -4 - -18093937?
18093933
In base 4, what is -23000010 + 221?
-22333123
In base 16, what is 3 - 2e7fa?
-2e7f7
In base 16, what is -3 + b83a3?
b83a0
In base 9, what is -323280582 - 2?
-323280584
In base 15, what is 161a - -143e0?
15a0a
In base 3, what is -1020210111010001200 + -10?
-1020210111010001210
In base 7, what is -21632 - -32360?
10425
In base 6, what is -1252 - 514035?
-515331
In base 4, what is 11221300 - 112010?
11103230
In base 14, what is -10c1 + 12599?
114b8
In base 14, what is 2b03d06 - 2?
2b03d04
In base 4, what is -1201321 + 102202211?
101000230
In base 10, what is -2475 - -20064?
17589
In base 16, what is -16 - -926f40?
926f2a
In base 2, what is 1001101 - -1100011011010100?
1100011100100001
In base 15, what is 351 - 388b6?
-38565
In base 6, what is -21 + -535111523?
-535111544
In base 4, what is 1223311 - 331202?
232103
In base 13, what is -3b89 + 3385a?
2c9a1
In base 12, what is -568b45 + -60?
-568ba5
In base 5, what is -2 + 1313120343?
1313120341
In base 4, what is 1110020132 + 0?
1110020132
In base 7, what is 25 - -4661541?
4661566
In base 5, what is -3110144304 - -10?
-3110144244
In base 7, what is -1231 + -143604?
-145135
In base 3, what is 1020 + -20222122022?
-20222121002
In base 7, what is 155 + -14143010?
-14142522
In base 4, what is -30 - 232311123323?
-232311130013
In base 9, what is 182 - 2035156?
-2034864
In base 14, what is -2 + -114480?
-114482
In base 2, what is 1111110101111100101 + -100010111?
1111110101011001110
In base 10, what is 3922 + -8702?
-4780
In base 8, what is 2 - 326646663?
-326646661
In base 8, what is 7 + 5113406?
5113415
In base 9, what is -1526 + -13826?
-15453
In base 3, what is 120111002122 + 1002221?
120112012120
In base 14, what is -2 + -b9435a?
-b9435c
In base 15, what is -2532 + 938?
-1ae9
In base 13, what is -1a9166 + -4?
-1a916a
In base 14, what is 1 - 5401da6?
-5401da5
In base 11, what is a677384 - -a?
a677393
In base 13, what is -80379746 + -2?
-80379748
In base 13, what is -1 + -b9a713?
-b9a714
In base 11, what is 547 - 17303?
-16867
In base 5, what is 34 - 44240103?
-44240014
In base 8, what is -30217 + 735?
-27262
In base 8, what is -5222721 - -61?
-5222640
In base 11, what is -433253 + a?
-433244
In base 15, what is -24127ca + -2?
-24127cc
In base 14, what is -11ca3c7 - 1?
-11ca3c8
In base 5, what is -41 + -2110400121?
-2110400212
In base 6, what is -1232 - 11203103?
-11204335
In base 8, what is 6073 + 42224?
50317
In base 3, what is 212122121020110222 - 10?
212122121020110212
In base 16, what is 8411c + 0?
8411c
In base 11, what is 5 + 9a885a?
9a8864
In base 10, what is -405 - 4305?
-4710
In base 4, what is -3311223 - -112211?
-3133012
In base 9, what is 2757276 + -287?
2756878
In base 5, what is 433 + -22444221?
-22443233
In base 12, what is -48b53 + 1072?
-47aa1
In base 11, what is -4 + -39392a00?
-39392a04
In base 4, what is 101111 - 13131121?
-13030010
In base 14, what is -29 + -129535d?
-1295388
In base 13, what is 24253 + -1592?
22991
In base 15, what is d046041 + -1?
d046040
In base 16, what is -28dec05 - -3?
-28dec02
In base 11, what is -154 - 50184a?
-5019a3
In base 7, what is 30235420 + 45?
30235465
In base 10, what is -240929 + 4?
-240925
In base 2, what is 100111111 + 1000000001011001110000?
1000000001011110101111
In base 10, what is 6526387 + 13?
6526400
In base 10, what is 1 - -6539599?
6539600
In base 5, what is 11024 + 22144220?
22210244
In base 6, what is 1 + -314255134?
-314255133
In base 7, what is -2 - -145040434?
145040432
In base 16, what is 0 + -9a2ef?
-9a2ef
In base 4, what is 23110122113 + 20?
23110122133
In base 13, what is -b8c9287 + -2?
-b8c9289
In base 13, what is -2cb + 14b71?
14873
In base 14, what is 173665 - 17?
17364c
In base 6, what is -14422414 - 223?
-14423041
In base 9, what is -1536217 + 7?
-1536210
In base 2, what is -100 - 101011011011111110101001101?
-101011011011111110101010001
In base 13, what is 9ca + 4681?
537b
In base 15, what is -791a + 8?
-7912
In base 15, what is 111 + 1547a?
1558b
In base 4, what is 10 + -32131003303?
-32131003233
In base 13, what is 8 + b95c?
b967
In base 16, what is 4 - -4041aa?
4041ae
In base 4, what is 30013 - -10222301223?
10222331302
In base 15, what is -170db06 - -9?
-170daec
In base 3, what is -1010 + -111212020111?
-111212021121
In base 15, what is 2a1c289 + e?
2a1c298
In base 9, what is -35870842 - 2?
-35870844
In base 11, what is -8 - -1058a16?
1058a09
In base 7, what is -1325143336 - 0?
-1325143336
In base 9, what is 0 + 612108742?
612108742
In base 8, what is -3 + 74535266?
74535263
In base 16, what is -11b - -26a78?
2695d
In base 6, what is 104241 + -11243?
52554
In base 14, what is 1b61153 - -4?
1b61157
In base 9, what is 636 - -1660453?
1661200
In base 15, what is e - -87ba?
87c9
In base 15, what is 101416 + -5?
101411
In base 4, what is 23123 - -13021110320?
13021200103
In base 12, what is -6 + -55585a?
-555864
In base 4, what is -202 - -2231130313021?
2231130312213
In base 16, what is -35c9ad3 + 2?
-35c9ad1
In base 2, what is 1001 - 1010011000000010100010010?
-1010011000000010100001001
In base 5, what is -2 + 1200102022?
1200102020
In base 5, what is -100444411314 + -3?
-100444411322
In base 14, what is -5 - 3bb20dc?
-3bb210